p = -243 + 196. Let n = p - h. What is the remainder when 30 is divided by n?
6
What is the remainder when ((-8349)/(-7) - 0) + (25 - 1800/70) is divided by 312?
256
Let b(c) = 2*c**2 + 2*c + 16. Let i(j) = 36*j - 72. Let v be i(2). What is the remainder when 526 is divided by b(v)?
14
Let t(x) = 12*x - 38. Suppose -7*w - 11 = k - 10*w, -5*k + 25 = w. Calculate the remainder when 39 is divided by t(k).
9
Let i be ((-3204)/30)/((-3)/30*-4). Let s = i - -271. Calculate the remainder when 0 - (0 - 2)*4 is divided by s.
0
Let l(h) = 10*h**2 - h - 17. Let f(y) = 9*y**2 - 3*y - 18. Let j(r) = 5*f(r) - 4*l(r). Calculate the remainder when j(-2) is divided by ((-4)/6)/((-2)/21).
6
Let v = -6 - -19. Let p(x) = 11*x - 17. Let u be p(v). Let j = -65 + u. What is the remainder when j is divided by 16?
13
Let c(s) = 118*s - 42. Let m be c(8). Let x = m + -525. Calculate the remainder when x is divided by 10.
7
Let c = 593 + 378. Suppose 37*w - c = -194. Let t = -32 + 91. Calculate the remainder when t is divided by w.
17
Suppose -4*i - 9*i + 6002 = 1413. What is the remainder when 413 is divided by i?
60
Let l = 71410 - 47262. Calculate the remainder when l is divided by 26.
20
Let y = 30 - 75. Let p = y + 38. Let q(s) = s**2 - s + 12. What is the remainder when q(p) is divided by 14?
12
Suppose -2787*j - 559 = -2800*j. What is the remainder when 1589 is divided by j?
41
Let b(a) = a**3 + 37*a**2 + 65*a - 110. Calculate the remainder when 430 is divided by b(-35).
40
Suppose 4*a - 187 = -3*k, -3*a + 3*k = k - 153. Suppose 0 = 4*m + 151 + a. Let c = m - -97. Calculate the remainder when c is divided by 12.
11
What is the remainder when (-2 - 3)*((-1611)/(-12))/(55/(-44)) is divided by 79?
63
Suppose -2961 = -12*y + 423. Calculate the remainder when y is divided by 270.
12
Let h(f) = 480*f - 29 - 6 - 483*f. Calculate the remainder when 35 is divided by h(-17).
3
Let o = 51283 - 50531. Suppose 0 = -5*d + 2*f + 55, 0 = -2*d - f - 3 + 34. What is the remainder when o is divided by d?
11
Suppose 3*n = -2*n - 2*c + 594, 0 = 2*c - 4. What is the remainder when 510 is divided by n?
38
Suppose 91*c = -8*c + 20988. What is the remainder when 732 is divided by c?
96
Let x = -43 - -47. Suppose 283 + 165 = 16*c. Calculate the remainder when -249*((-6)/27 + x/(-36)) is divided by c.
27
Suppose -12*r = 60 - 192. Suppose -b = 2*b - 30. Let u = r - b. What is the remainder when 8 is divided by u?
0
Suppose -2*g - 4*v + 19 = -45, 3*v = 4*g - 128. Calculate the remainder when (12/(84/(-329)))/((-6)/12) is divided by g.
30
Let y(m) = -m**3 + 3*m**2 - 2*m - 48. Let g be y(-7). Suppose -2*j + g = j. What is the remainder when j is divided by 14?
12
Let d(u) = -u**2 + 16*u - 61. Let i be d(7). Suppose i*q - 443 = 29. What is the remainder when q is divided by 34?
32
Let d(y) = -6*y + 3. Let l be d(-8). Let f = l + -41. Calculate the remainder when 109 is divided by f.
9
Let f(z) = -z**2 + 7*z + 3. Suppose -33 = -5*c + 2. Calculate the remainder when 9 is divided by f(c).
0
Let v = -29 + 32. Let p = -63 + 66. Let d = 19 + p. Calculate the remainder when d is divided by v.
1
Suppose 5*f + 7 = -4*p - 0*f, -3 = -3*p - f. Let k = 23 - p. Suppose -i + 107 = 2*v + 2*i, 3*i + 137 = 2*v. What is the remainder when v is divided by k?
19
Let u(l) = 8*l**2 + 53*l - 33. What is the remainder when u(-13) is divided by 91?
84
Let j(l) = 6*l + 76. Let c(r) = -25*r - 305. Let x(h) = -4*c(h) - 18*j(h). Calculate the remainder when 177 is divided by x(-26).
57
Let y = 21191 + -20815. What is the remainder when y is divided by 70?
26
Let p(f) be the first derivative of 5*f**3/3 + f - 23. What is the remainder when 28 is divided by p(1)?
4
Let l(v) = v**3 - 19*v**2 + 3. Let h be l(19). Suppose 2*y - 2*y = h*y. Suppose 2*a + 0*a - 30 = y. Calculate the remainder when a is divided by 5.
0
Let w(j) = j**3 - 19*j**2 + 18*j + 43. Calculate the remainder when 4691 is divided by w(18).
4
Let d = -286 + 494. Calculate the remainder when d is divided by 73.
62
Let h be ((-144)/6 + 0)/(0 - -1). Calculate the remainder when 192 is divided by (-56)/(-3)*(-36)/h.
24
Let v(r) = r**3 - 6*r**2 - 28*r + 12. Let j be v(9). Calculate the remainder when (-185)/(-3) - 2/j is divided by 21.
19
Let k = -97 + 102. Suppose j - 87 = -k*h, 0*j + 2 = j. Calculate the remainder when h is divided by 2.
1
Suppose 0 = 4*q + 2*n - 1364, 9*n + 1364 = 4*q + 6*n. What is the remainder when q is divided by 86?
83
Suppose -4*c = f - 26, -4*c - c + 64 = 3*f. Let x be (-9)/f*(-122)/1. Suppose -3*p = -x + 1. Calculate the remainder when 79 is divided by p.
19
Suppose s + 2 = 0, 3*f + 2*s - 194 = -0*f. Calculate the remainder when 0 + (-5)/10*-790 is divided by f.
65
Let b = 3025 - 2947. What is the remainder when b is divided by 43?
35
Suppose -2*r + 182 = -s, -3*s = -36*r + 38*r - 166. Suppose r + 81 = 10*v. What is the remainder when 43 is divided by v?
9
Let g(b) = 5*b**2 - 24*b - 2. Let y be g(7). Suppose 291 = 6*o - y. Calculate the remainder when 426 is divided by o.
60
Suppose 0 = -2*w - 8, 5*g - 8*g + 57 = -3*w. Let k(n) = 3*n - 3. What is the remainder when g is divided by k(4)?
6
Let u(g) = 98*g**2 - 31*g + 31. Calculate the remainder when u(1) is divided by 46.
6
Let u = -713 - -718. Suppose 34*r = 4*f + 30*r - 100, 0 = u*r. Calculate the remainder when 35 is divided by f.
10
Let y(s) = -s**2 + 0*s**2 + 2*s**2 - 3 + 12*s + 6. Let j be y(-12). Suppose p = 3*p + j*v - 70, 119 = 3*p + v. What is the remainder when p is divided by 24?
17
Let m(v) = v**3 + 45*v**2 - 33*v - 142. Let d be m(-46). Let f = d + 741. Calculate the remainder when f is divided by 1.
0
Let m(n) = -n - 11. Let o be m(-13). Suppose -2*s = v + 24, -16 = o*s - 0*v - v. Calculate the remainder when 35 is divided by 10 - (-4)/10*s.
5
Calculate the remainder when ((-6)/9)/(1/(-558)) - (-31 + 25) is divided by 19.
17
Let u = 12 + -9. Let h = -23 - -39. Suppose 2*q + 0*q - h = 0. Calculate the remainder when q is divided by u.
2
Let f = -1729 - -2036. What is the remainder when f is divided by 20?
7
Let v(d) = d**3 + 7*d**2 - 18*d + 7. Calculate the remainder when 15935 is divided by v(-9).
3
Let t(h) = -2*h**2 + 8*h + 9. Let o be t(6). What is the remainder when 16/(o/(-7) - (2 - 0)) is divided by 27?
4
Let w be ((-504)/32)/21 - 287/(-4). What is the remainder when 75 is divided by (-10)/4 - (w/(-2) - -12)?
12
Suppose 0 = -6*w + 250 - 934. Let r = -110 - w. Suppose 0 = 2*g + 3*g + q - 124, r*g = -5*q + 95. Calculate the remainder when 41 is divided by g.
16
Let n = 9281 + -9266. What is the remainder when 1197 is divided by n?
12
Calculate the remainder when 22/(-143) - 44000/(-52) is divided by 73.
43
Suppose -2*o - 9 = -3*o. Let b be (2 + 278/4)/(5/30). Suppose 12*i - 51*i = -b. Calculate the remainder when i is divided by o.
2
Let j(x) = 10*x + 753. Calculate the remainder when j(-56) is divided by 181.
12
Suppose 21*j + 2031 - 9843 = 0. Let a = -365 + j. What is the remainder when 10 is divided by a?
3
Let z(j) = j**3 - 16*j**2 + 15*j + 19. Let q = 42 - 27. Calculate the remainder when 189 is divided by z(q).
18
Suppose 0*r = r - 24. Let y(z) = z**3 + 45*z**2 + 454*z - 948. What is the remainder when y(-26) is divided by r?
20
Suppose -64 = -33*z + 29*z - k, -z = 5*k - 16. What is the remainder when 47 is divided by z?
15
Let j be (100/(-3))/(-2 + (-84)/(-45)). Let l = j + -119. What is the remainder when l is divided by 7?
5
Suppose 3*s = -2*u + 19, -2*s - 2*u - 21 = -7*s. Let r be -4*s/10 + 10. Suppose -203 = -r*f - 51. Calculate the remainder when f is divided by 7.
5
Let a(n) = -2*n + 69 + 6*n - 4*n + 7*n. What is the remainder when a(19) is divided by 68?
66
Suppose 4*s = 2*t + 10558, 4*t - 10838 = -3*s - 2925. What is the remainder when s is divided by 120?
119
Suppose 2*o + 2*w + 134 = 0, -6*o + 5*w = -5*o + 79. Let k = 230 + o. Calculate the remainder when k is divided by 33.
29
Let c(u) = -u**3 - 5*u**2 - 5*u + 5. Let z be c(-3). Suppose 6*k + 3*b - 28 = 2*k, 5*b - 28 = -z*k. Calculate the remainder when 6 is divided by k.
2
Let p = 97 + -90. Suppose -19 = -p*f + 2. Suppose 90 - 18 = f*k. What is the remainder when 41 is divided by k?
17
Calculate the remainder when 1060 is divided by -4*((-8163)/252 - (-18)/(-21)).
129
Let g(a) = -69*a + 17. Let c b